{"id":15772,"date":"2023-08-10T06:39:48","date_gmt":"2023-08-10T06:39:48","guid":{"rendered":"https:\/\/mustila.fi\/kasvit\/vinca_minor_vintergrona\/"},"modified":"2023-09-21T22:52:40","modified_gmt":"2023-09-21T22:52:40","slug":"vincaminor","status":"publish","type":"kasvit","link":"https:\/\/mustila.fi\/sv\/plantor\/vincaminor\/","title":{"rendered":"Vinca minor &#8211; vintergr&#xF6;na"},"content":{"rendered":"<article role=\"article\" class=\"node node-type-plant node-view-mode-full\"><img decoding=\"async\" src=\"https:\/\/mustila.fi\/wp-content\/uploads\/2023\/08\/vinca_minor_ssimovaara.jpg\" alt=\"Vinca minor \u00a9Susanna\"><\/p>\n<p>Den risartade vintergr\u00f6nan \u00e4r sp\u00e4d men h\u00e5ller sig stadigt kvar p\u00e5 sin v\u00e4xtplats. Den utg\u00f6r ett gott val som markt\u00e4ckare f\u00f6r det skuggigaste st\u00e4llena i tr\u00e4dg\u00e5rden. I Arboretum Mustila ing\u00e5r vintergr\u00f6nan i bassortimentet i Rhododendrondalen. En t\u00e4ckande vegetation uppst\u00e5r n\u00e4r vintergr\u00f6nans l\u00e5nga skott l\u00e4ngs markytan rotar sig och nya kortare skott b\u00f6rjar v\u00e4xa lodr\u00e4tt upp\u00e5t. De vintergr\u00f6na bladen \u00e4r sm\u00e5, styva och motsatta. Vintergr\u00f6nans blommor utvecklas i bladveckena. Vintergr\u00f6nans blommor \u00e4r hjulformade, de blommar p\u00e5 v\u00e5ren och p\u00e5 nytt i mindre utstr\u00e4ckning l\u00e5ngt in p\u00e5 senh\u00f6sten. Blommornas f\u00e4rg varierar fr\u00e5n vitt till blekt bl\u00e5 och m\u00f6rklila. Ocks\u00e5 bladf\u00e4rgen varierar. Vinterhr\u00f6nans olika f\u00e4rgformer har utvalts och uppkallats som egna sorter.<\/p>\n<p>P\u00e5 frodiga platser i halvskugga utvecklar vintergr\u00f6nan en vegetation i flere lager p\u00e5 varandra som kan st\u00f6ra grannar av mindre storlek. Skotten kl\u00e4ttrar \u00f6ver andra v\u00e4xter. Allra b\u00e4st \u00e4r vintergr\u00f6nan som markt\u00e4ckare under medelstora och storv\u00e4xande buskar eller i skuggade omr\u00e5den.<\/p>\n<aside id=\"keywords\">\n<h2>Keywords<\/h2>\n<ul>\n<li class=\"ryhmittely\">Lehtipuut ja -pensaat<\/li>\n<li class=\"plants\"><a href=\"\" hreflang=\"und\">Vinca<\/a><\/li>\n<li class=\"plants\"><a href=\"\" hreflang=\"und\">Vinca minor<\/a><\/li>\n<li class=\"location\"><a href=\"https:\/\/mustila.fi\/alueet\/alppiruusulaakso\" hreflang=\"fi\">Alppiruusulaakso<\/a><\/li>\n<\/ul>\n<\/aside>\n<\/article>\n","protected":false},"featured_media":7036,"template":"","alueet":[1007],"kasvilajit":[1096,1236],"class_list":["post-15772","kasvit","type-kasvit","status-publish","has-post-thumbnail","hentry","alueet-alppiruusulaakso-sv","kasvilajit-lovtrad_och_buskar","kasvilajit-vinca"],"_links":{"self":[{"href":"https:\/\/mustila.fi\/sv\/wp-json\/wp\/v2\/kasvit\/15772","targetHints":{"allow":["GET"]}}],"collection":[{"href":"https:\/\/mustila.fi\/sv\/wp-json\/wp\/v2\/kasvit"}],"about":[{"href":"https:\/\/mustila.fi\/sv\/wp-json\/wp\/v2\/types\/kasvit"}],"wp:featuredmedia":[{"embeddable":true,"href":"https:\/\/mustila.fi\/sv\/wp-json\/wp\/v2\/media\/7036"}],"wp:attachment":[{"href":"https:\/\/mustila.fi\/sv\/wp-json\/wp\/v2\/media?parent=15772"}],"wp:term":[{"taxonomy":"alueet","embeddable":true,"href":"https:\/\/mustila.fi\/sv\/wp-json\/wp\/v2\/alueet?post=15772"},{"taxonomy":"kasvilajit","embeddable":true,"href":"https:\/\/mustila.fi\/sv\/wp-json\/wp\/v2\/kasvilajit?post=15772"}],"curies":[{"name":"wp","href":"https:\/\/api.w.org\/{rel}","templated":true}]}}

<article role="article" class="node node-type-plant node-view-mode-full"><img decoding="async" src="https://mustila.fi/wp-content/uploads/2023/08/vinca_minor_ssimovaara.jpg" alt="Vinca minor ©Susanna"></p>
<p>Den risartade vintergrönan är späd men håller sig stadigt kvar på sin växtplats. Den utgör ett gott val som marktäckare för det skuggigaste ställena i trädgården. I Arboretum Mustila ingår vintergrönan i bassortimentet i Rhododendrondalen. En täckande vegetation uppstår när vintergrönans långa skott längs markytan rotar sig och nya kortare skott börjar växa lodrätt uppåt. De vintergröna bladen är små, styva och motsatta. Vintergrönans blommor utvecklas i bladveckena. Vintergrönans blommor är hjulformade, de blommar på våren och på nytt i mindre utsträckning långt in på senhösten. Blommornas färg varierar från vitt till blekt blå och mörklila. Också bladfärgen varierar. Vinterhrönans olika färgformer har utvalts och uppkallats som egna sorter.</p>
<p>På frodiga platser i halvskugga utvecklar vintergrönan en vegetation i flere lager på varandra som kan störa grannar av mindre storlek. Skotten klättrar över andra växter. Allra bäst är vintergrönan som marktäckare under medelstora och storväxande buskar eller i skuggade områden.</p>
<aside id="keywords">
<h2>Keywords</h2>
<ul>
<li class="ryhmittely">Lehtipuut ja -pensaat</li>
<li class="plants"><a href="" hreflang="und">Vinca</a></li>
<li class="plants"><a href="" hreflang="und">Vinca minor</a></li>
<li class="location"><a href="https://mustila.fi/alueet/alppiruusulaakso" hreflang="fi">Alppiruusulaakso</a></li>
</ul>
</aside>
</article>
