{"id":15927,"date":"2023-08-10T06:40:31","date_gmt":"2023-08-10T06:40:31","guid":{"rendered":"https:\/\/mustila.fi\/kasvit\/larix_gmelinii_var_gmelinii_dahurisk_lark\/"},"modified":"2023-09-19T19:53:03","modified_gmt":"2023-09-19T19:53:03","slug":"larixgmeliniigmelinii","status":"publish","type":"kasvit","link":"https:\/\/mustila.fi\/sv\/plantor\/larixgmeliniigmelinii\/","title":{"rendered":"Larix gmelinii var. gmelinii &#8211; dahurisk l&#xE4;rk"},"content":{"rendered":"<article role=\"article\" class=\"node node-type-plant node-view-mode-full\"><img decoding=\"async\" src=\"https:\/\/mustila.fi\/wp-content\/uploads\/2023\/08\/larix_gmelini_kapy_jreinikainen.jpg\" alt=\"larix_gmelini_kapy_jreinikainen.jpg\"><img decoding=\"async\" src=\"https:\/\/mustila.fi\/wp-content\/uploads\/2023\/08\/larix_gmelini_gmelini_jreinikainen.jpg\" alt=\"larix_gmelini_gmelini_jreinikainen.jpg\"><\/p>\n<p>Den dahuriska l\u00e4rken \u00e4r hemma fr\u00e5n kallaste \u00d6stsibirien och bildar v\u00e4rldens nordligaste skogar p\u00e5 Tajmyr halv\u00f6n vid Ishavet. \u00c4ven p\u00e5 norra halvklotets kallaste omr\u00e5de i Verchojanska bergen, d\u00e4r man uppm\u00e4tt -70 grader C, v\u00e4xer dahurisk l\u00e4rk som k\u00e4mpar sig igenom den torra sommaren p\u00e5 fukt fr\u00e5n sm\u00e4ltande permafrost. Den torde s\u00e5ledes kunna odlas i hela Finland.<\/p>\n<p>Utom sin h\u00e4rdighet har dahurisk l\u00e4rk andra goda egenskaper. Den v\u00e4xer till robusta tr\u00e4d i sina hemtrakter, p\u00e5 de b\u00e4sta v\u00e4xtplatserna till 35 meter med grov stam. Arten odlas lite i Finland och n\u00e5r inte h\u00e4r samma h\u00f6jd. Exempelvis de tr\u00e4d som planterades p\u00e5 1910-talet p\u00e5 P\u00e4hkin\u00e4rinne (Hasselsluttningen) \u00e4r mycket l\u00e4gre, endast 12-18 meter. Tr\u00e4det har koniskt v\u00e4xts\u00e4tt med breda grenar som v\u00e4xer v\u00e5gr\u00e4tt ut fr\u00e5n stammen. Kottarna \u00e4r sm\u00e5, max tv\u00e5 cm l\u00e5nga.<\/p>\n<p>Detta s\u00e4llan odlade tr\u00e4d skulle l\u00e4mpa sig f\u00f6r gr\u00f6nomr\u00e5de \u00e4ven i Norra Finland d\u00e4r det troligtvis skulle trivas b\u00e4ttre \u00e4n i landets s\u00f6dra delar, f\u00f6rutsatt att man anv\u00e4nder passande proveniens. Till tr\u00e4dets m\u00e5ngsidighet h\u00f6r \u00e4ven f\u00f6rm\u00e5gan att v\u00e4xa p\u00e5 torvjord och t\u00e4ta v\u00e4xtundelag.<\/p>\n<aside id=\"keywords\">\n<h2>Keywords<\/h2>\n<ul>\n<li class=\"ryhmittely\">Havupuut<\/li>\n<li class=\"plants\"><a href=\"\" hreflang=\"und\">Larix<\/a><\/li>\n<li class=\"plants\"><a href=\"\" hreflang=\"und\">Larix gmelini<\/a><\/li>\n<li class=\"plants\"><a href=\"\" hreflang=\"und\">Larix gmelinii<\/a><\/li>\n<li class=\"plants\"><a href=\"\" hreflang=\"und\">Larix gmelinii var. gmelinii<\/a><\/li>\n<li class=\"location\"><a href=\"https:\/\/mustila.fi\/alueet\/pahkinarinne\" hreflang=\"fi\">P\u00e4hkin\u00e4rinne<\/a><\/li>\n<\/ul>\n<\/aside>\n<\/article>\n","protected":false},"featured_media":7623,"template":"","alueet":[1066],"kasvilajit":[1087,1292],"class_list":["post-15927","kasvit","type-kasvit","status-publish","has-post-thumbnail","hentry","alueet-phkinrinne-sv","kasvilajit-barrtrad","kasvilajit-larix"],"_links":{"self":[{"href":"https:\/\/mustila.fi\/sv\/wp-json\/wp\/v2\/kasvit\/15927","targetHints":{"allow":["GET"]}}],"collection":[{"href":"https:\/\/mustila.fi\/sv\/wp-json\/wp\/v2\/kasvit"}],"about":[{"href":"https:\/\/mustila.fi\/sv\/wp-json\/wp\/v2\/types\/kasvit"}],"wp:featuredmedia":[{"embeddable":true,"href":"https:\/\/mustila.fi\/sv\/wp-json\/wp\/v2\/media\/7623"}],"wp:attachment":[{"href":"https:\/\/mustila.fi\/sv\/wp-json\/wp\/v2\/media?parent=15927"}],"wp:term":[{"taxonomy":"alueet","embeddable":true,"href":"https:\/\/mustila.fi\/sv\/wp-json\/wp\/v2\/alueet?post=15927"},{"taxonomy":"kasvilajit","embeddable":true,"href":"https:\/\/mustila.fi\/sv\/wp-json\/wp\/v2\/kasvilajit?post=15927"}],"curies":[{"name":"wp","href":"https:\/\/api.w.org\/{rel}","templated":true}]}}

<article role="article" class="node node-type-plant node-view-mode-full"><img decoding="async" src="https://mustila.fi/wp-content/uploads/2023/08/larix_gmelini_kapy_jreinikainen.jpg" alt="larix_gmelini_kapy_jreinikainen.jpg"><img decoding="async" src="https://mustila.fi/wp-content/uploads/2023/08/larix_gmelini_gmelini_jreinikainen.jpg" alt="larix_gmelini_gmelini_jreinikainen.jpg"></p>
<p>Den dahuriska lärken är hemma från kallaste Östsibirien och bildar världens nordligaste skogar på Tajmyr halvön vid Ishavet. Även på norra halvklotets kallaste område i Verchojanska bergen, där man uppmätt -70 grader C, växer dahurisk lärk som kämpar sig igenom den torra sommaren på fukt från smältande permafrost. Den torde således kunna odlas i hela Finland.</p>
<p>Utom sin härdighet har dahurisk lärk andra goda egenskaper. Den växer till robusta träd i sina hemtrakter, på de bästa växtplatserna till 35 meter med grov stam. Arten odlas lite i Finland och når inte här samma höjd. Exempelvis de träd som planterades på 1910-talet på Pähkinärinne (Hasselsluttningen) är mycket lägre, endast 12-18 meter. Trädet har koniskt växtsätt med breda grenar som växer vågrätt ut från stammen. Kottarna är små, max två cm långa.</p>
<p>Detta sällan odlade träd skulle lämpa sig för grönområde även i Norra Finland där det troligtvis skulle trivas bättre än i landets södra delar, förutsatt att man använder passande proveniens. Till trädets mångsidighet hör även förmågan att växa på torvjord och täta växtundelag.</p>
<aside id="keywords">
<h2>Keywords</h2>
<ul>
<li class="ryhmittely">Havupuut</li>
<li class="plants"><a href="" hreflang="und">Larix</a></li>
<li class="plants"><a href="" hreflang="und">Larix gmelini</a></li>
<li class="plants"><a href="" hreflang="und">Larix gmelinii</a></li>
<li class="plants"><a href="" hreflang="und">Larix gmelinii var. gmelinii</a></li>
<li class="location"><a href="https://mustila.fi/alueet/pahkinarinne" hreflang="fi">Pähkinärinne</a></li>
</ul>
</aside>
</article>
