{"id":15942,"date":"2023-08-10T06:40:35","date_gmt":"2023-08-10T06:40:35","guid":{"rendered":"https:\/\/mustila.fi\/kasvit\/rhododendron_alprosen_gudrun\/"},"modified":"2024-02-28T11:52:10","modified_gmt":"2024-02-28T11:52:10","slug":"rhododendrongudrun","status":"publish","type":"kasvit","link":"https:\/\/mustila.fi\/sv\/plantor\/rhododendrongudrun\/","title":{"rendered":"Rhododendron &#8211; alprosen &#8217;Gudrun&#8217;"},"content":{"rendered":"<article role=\"article\" class=\"node node-type-plant node-view-mode-full\">Man kan inte undg\u00e5 att l\u00e4gga m\u00e4rke till &#8217;Gudruns&#8217; st\u00e5tliga blomning. Blommorna \u00e4r vita med ett st\u00e4nk av ljust r\u00f6tt i kanten och de \u00f6vre kronbladen har en m\u00f6rk fl\u00e4ck som p\u00e5 avst\u00e5nd p\u00e5minner om blommor tillh\u00f6rande n\u00e5gon sort av &#8217;P.M.A. Tigerstedt&#8217;. &#8217;Gudrun&#8217; korsades av tysken T.J.R. Seidel i b\u00f6rjan av 1900 -talet. Som moderplanta anv\u00e4ndes &#8217;Eggebrechtii&#8217; och som pollinerare &#8217;Madame Linden&#8217;. Ingetdera ursprunget \u00e4r k\u00e4nt. &#8217;Gudrun&#8217; blir ca 1,5 meter h\u00f6g p\u00e5 10 \u00e5r.<\/p>\n<p>Sorten &#8217;Gudrun&#8217; kan ha kommit till Arboretum Mustila i samband med andra h\u00e4rdiga Seidel -hybrider i b\u00f6rjan av 1930 -talet. Den l\u00e4mnade inga sp\u00e5r efter sig &#8211; ifall inte den inhemska sorten &#8217;P.M.A. Tigerstedt&#8217; har f\u00e5tt sin r\u00f6da fl\u00e4ck av den. P\u00e5 grund av sin sk\u00f6nhet och intressanta historia planterades &#8217;Gudrun&#8217; i Rhododendrondalen \u00e5r 2009, n\u00e4r den h\u00e4r nuf\u00f6rtiden s\u00e4llsynta sorten kunde anskaffas fr\u00e5n Baumschule Hachmann. Tillsvidare har den klarat sig bra p\u00e5 arboretet.<\/p>\n<aside id=\"keywords\">\n<h2>Keywords<\/h2>\n<ul>\n<li class=\"ryhmittely\">Lehtipuut ja -pensaat<\/li>\n<li class=\"plants\"><a href=\"\" hreflang=\"und\">Rhododendron<\/a><\/li>\n<li class=\"plants\"><a href=\"\" hreflang=\"und\">Rhododendron &#8217;Gudrun&#8217;<\/a><\/li>\n<li class=\"location\"><a href=\"https:\/\/mustila.fi\/alueet\/alppiruusulaakso\" hreflang=\"fi\">Alppiruusulaakso<\/a><\/li>\n<\/ul>\n<\/aside>\n<\/article>\n","protected":false},"featured_media":0,"template":"","alueet":[1007],"kasvilajit":[1096,949],"class_list":["post-15942","kasvit","type-kasvit","status-publish","hentry","alueet-alppiruusulaakso-sv","kasvilajit-lovtrad_och_buskar","kasvilajit-alppiruusut"],"_links":{"self":[{"href":"https:\/\/mustila.fi\/sv\/wp-json\/wp\/v2\/kasvit\/15942","targetHints":{"allow":["GET"]}}],"collection":[{"href":"https:\/\/mustila.fi\/sv\/wp-json\/wp\/v2\/kasvit"}],"about":[{"href":"https:\/\/mustila.fi\/sv\/wp-json\/wp\/v2\/types\/kasvit"}],"wp:attachment":[{"href":"https:\/\/mustila.fi\/sv\/wp-json\/wp\/v2\/media?parent=15942"}],"wp:term":[{"taxonomy":"alueet","embeddable":true,"href":"https:\/\/mustila.fi\/sv\/wp-json\/wp\/v2\/alueet?post=15942"},{"taxonomy":"kasvilajit","embeddable":true,"href":"https:\/\/mustila.fi\/sv\/wp-json\/wp\/v2\/kasvilajit?post=15942"}],"curies":[{"name":"wp","href":"https:\/\/api.w.org\/{rel}","templated":true}]}}

<article role="article" class="node node-type-plant node-view-mode-full">Man kan inte undgå att lägga märke till &#8217;Gudruns&#8217; ståtliga blomning. Blommorna är vita med ett stänk av ljust rött i kanten och de övre kronbladen har en mörk fläck som på avstånd påminner om blommor tillhörande någon sort av &#8217;P.M.A. Tigerstedt&#8217;. &#8217;Gudrun&#8217; korsades av tysken T.J.R. Seidel i början av 1900 -talet. Som moderplanta användes &#8217;Eggebrechtii&#8217; och som pollinerare &#8217;Madame Linden&#8217;. Ingetdera ursprunget är känt. &#8217;Gudrun&#8217; blir ca 1,5 meter hög på 10 år.</p>
<p>Sorten &#8217;Gudrun&#8217; kan ha kommit till Arboretum Mustila i samband med andra härdiga Seidel -hybrider i början av 1930 -talet. Den lämnade inga spår efter sig &#8211; ifall inte den inhemska sorten &#8217;P.M.A. Tigerstedt&#8217; har fått sin röda fläck av den. På grund av sin skönhet och intressanta historia planterades &#8217;Gudrun&#8217; i Rhododendrondalen år 2009, när den här nuförtiden sällsynta sorten kunde anskaffas från Baumschule Hachmann. Tillsvidare har den klarat sig bra på arboretet.</p>
<aside id="keywords">
<h2>Keywords</h2>
<ul>
<li class="ryhmittely">Lehtipuut ja -pensaat</li>
<li class="plants"><a href="" hreflang="und">Rhododendron</a></li>
<li class="plants"><a href="" hreflang="und">Rhododendron &#8217;Gudrun&#8217;</a></li>
<li class="location"><a href="https://mustila.fi/alueet/alppiruusulaakso" hreflang="fi">Alppiruusulaakso</a></li>
</ul>
</aside>
</article>
