{"id":15982,"date":"2023-08-10T06:40:43","date_gmt":"2023-08-10T06:40:43","guid":{"rendered":"https:\/\/mustila.fi\/kasvit\/sciadopitys_verticillata_solfjaderstall\/"},"modified":"2023-09-25T16:19:51","modified_gmt":"2023-09-25T16:19:51","slug":"sciadopitysverticillata","status":"publish","type":"kasvit","link":"https:\/\/mustila.fi\/sv\/plantor\/sciadopitysverticillata\/","title":{"rendered":"Sciadopitys verticillata &#8211; solfj&#xE4;derstall"},"content":{"rendered":"<article role=\"article\" class=\"node node-type-plant node-view-mode-full\"><img decoding=\"async\" src=\"https:\/\/mustila.fi\/wp-content\/uploads\/2023\/08\/sciadopitys_verticillata_siemen_tanska_jreinikainen.jpg\" alt=\"sciadopitys_verticillata_siemen_tanska_jreinikainen.jpg\"><\/p>\n<p>Solfj\u00e4derstallen \u00e4r ett verkligt levande fossil. Arten har identifierats i i avlagringar fr\u00e5n Triasperioden, dvs dinosaurernas tidevarv. Under den tidsperioden hade arten spritt sig \u00f6ver hela Eurasien. Andra tr\u00e4dslag utkonkurrerade den senare. I v\u00e5ra dagar \u00e4r solfj\u00e4derstallen utrotningshotad och f\u00f6rekommer endast p\u00e5 ett begr\u00e4nsat omr\u00e5de i mellersta Japan.<\/p>\n<p>Tr\u00e4det p\u00e5minner inte om n\u00e5got av f\u00f6r oss k\u00e4nda tr\u00e4dslag och det har heller inga n\u00e4ra sl\u00e4ktingar. Barren \u00e4r parvis hopvuxna och har en snirklad solfj\u00e4deraktig form i \u00e4ndan av skotten vilket har gett tr\u00e4det dess namn. Tr\u00e4det \u00e4r l\u00e5ngsamtv\u00e4xande och den \u00e5rliga tillv\u00e4xten \u00e4r omkring 20 cm. I sina hemtrakter kan den solfj\u00e4derstallen f\u00e5 en storlek av ett medelstort tr\u00e4d.<\/p>\n<p>I Japan \u00e4r solfj\u00e4derstallen ett av de mest v\u00e4rderade tr\u00e4dslagen som ofta planteras i tempelomr\u00e5den. Enligt legenden v\u00e4lsignar det tr\u00e4d som 1310 planterades utanf\u00f6r templet Jingui de kvinnor som ber\u00f6r barken med livskraftiga barn. I Finland har den solfj\u00e4derstallen odlats i ringa utstr\u00e4ckning. I senare planteringar har tr\u00e4det klarat sig f\u00f6rv\u00e5nansv\u00e4rt bra p\u00e5 skyddade omr\u00e5den som terrassen i Arboretum Mustila. Det \u00e4r \u00e4nd\u00e5 sannolikt att kommande sv\u00e5ra vinterf\u00f6rh\u00e5llanden kan f\u00f6rst\u00f6ra oskyddade tr\u00e4d.<\/p>\n<aside id=\"keywords\">\n<h2>Keywords<\/h2>\n<ul>\n<li class=\"ryhmittely\">Havupuut<\/li>\n<li class=\"plants\"><a href=\"\" hreflang=\"und\">Sciadopitys<\/a><\/li>\n<li class=\"plants\"><a href=\"\" hreflang=\"und\">Sciadopitys verticillata<\/a><\/li>\n<li class=\"location\"><a href=\"https:\/\/mustila.fi\/alueet\/havuterassi\" hreflang=\"fi\">Havuterassi<\/a><\/li>\n<\/ul>\n<\/aside>\n<\/article>\n","protected":false},"featured_media":7831,"template":"","alueet":[1016],"kasvilajit":[1087,1534],"class_list":["post-15982","kasvit","type-kasvit","status-publish","has-post-thumbnail","hentry","alueet-havuterassi-sv","kasvilajit-barrtrad","kasvilajit-sciadopitys"],"_links":{"self":[{"href":"https:\/\/mustila.fi\/sv\/wp-json\/wp\/v2\/kasvit\/15982","targetHints":{"allow":["GET"]}}],"collection":[{"href":"https:\/\/mustila.fi\/sv\/wp-json\/wp\/v2\/kasvit"}],"about":[{"href":"https:\/\/mustila.fi\/sv\/wp-json\/wp\/v2\/types\/kasvit"}],"wp:featuredmedia":[{"embeddable":true,"href":"https:\/\/mustila.fi\/sv\/wp-json\/wp\/v2\/media\/7831"}],"wp:attachment":[{"href":"https:\/\/mustila.fi\/sv\/wp-json\/wp\/v2\/media?parent=15982"}],"wp:term":[{"taxonomy":"alueet","embeddable":true,"href":"https:\/\/mustila.fi\/sv\/wp-json\/wp\/v2\/alueet?post=15982"},{"taxonomy":"kasvilajit","embeddable":true,"href":"https:\/\/mustila.fi\/sv\/wp-json\/wp\/v2\/kasvilajit?post=15982"}],"curies":[{"name":"wp","href":"https:\/\/api.w.org\/{rel}","templated":true}]}}

<article role="article" class="node node-type-plant node-view-mode-full"><img decoding="async" src="https://mustila.fi/wp-content/uploads/2023/08/sciadopitys_verticillata_siemen_tanska_jreinikainen.jpg" alt="sciadopitys_verticillata_siemen_tanska_jreinikainen.jpg"></p>
<p>Solfjäderstallen är ett verkligt levande fossil. Arten har identifierats i i avlagringar från Triasperioden, dvs dinosaurernas tidevarv. Under den tidsperioden hade arten spritt sig över hela Eurasien. Andra trädslag utkonkurrerade den senare. I våra dagar är solfjäderstallen utrotningshotad och förekommer endast på ett begränsat område i mellersta Japan.</p>
<p>Trädet påminner inte om något av för oss kända trädslag och det har heller inga nära släktingar. Barren är parvis hopvuxna och har en snirklad solfjäderaktig form i ändan av skotten vilket har gett trädet dess namn. Trädet är långsamtväxande och den årliga tillväxten är omkring 20 cm. I sina hemtrakter kan den solfjäderstallen få en storlek av ett medelstort träd.</p>
<p>I Japan är solfjäderstallen ett av de mest värderade trädslagen som ofta planteras i tempelområden. Enligt legenden välsignar det träd som 1310 planterades utanför templet Jingui de kvinnor som berör barken med livskraftiga barn. I Finland har den solfjäderstallen odlats i ringa utsträckning. I senare planteringar har trädet klarat sig förvånansvärt bra på skyddade områden som terrassen i Arboretum Mustila. Det är ändå sannolikt att kommande svåra vinterförhållanden kan förstöra oskyddade träd.</p>
<aside id="keywords">
<h2>Keywords</h2>
<ul>
<li class="ryhmittely">Havupuut</li>
<li class="plants"><a href="" hreflang="und">Sciadopitys</a></li>
<li class="plants"><a href="" hreflang="und">Sciadopitys verticillata</a></li>
<li class="location"><a href="https://mustila.fi/alueet/havuterassi" hreflang="fi">Havuterassi</a></li>
</ul>
</aside>
</article>
