{"id":16016,"date":"2023-08-10T06:40:51","date_gmt":"2023-08-10T06:40:51","guid":{"rendered":"https:\/\/mustila.fi\/kasvit\/juglans_mandshurica_manchurisk_valnot\/"},"modified":"2023-09-19T17:05:35","modified_gmt":"2023-09-19T17:05:35","slug":"juglansmandshurica","status":"publish","type":"kasvit","link":"https:\/\/mustila.fi\/sv\/plantor\/juglansmandshurica\/","title":{"rendered":"Juglans mandshurica &#8211; manchurisk valn&#xF6;t"},"content":{"rendered":"<article role=\"article\" class=\"node node-type-plant node-view-mode-full\"><img decoding=\"async\" src=\"https:\/\/mustila.fi\/wp-content\/uploads\/2023\/08\/juglans_mandshurica_2.jpg\" alt=\"Juglans mandshurica \u00a9jr\"><\/p>\n<p>Manchurisk valn\u00f6t trivs b\u00e4st i lundar med n\u00e4ringsrik jord. Tr\u00e4det \u00e4r stort, bredvuxet och ofta m\u00e5ngstammigt. De matta bl\u00e5gr\u00f6na bladen \u00e4r sammansatta och kan p\u00e5 rotskotten vara \u00f6ver en meter l\u00e5nga, och stannar d\u00e4rf\u00f6r i minnet p\u00e5 den som bes\u00f6ker Etel\u00e4rinne (Sydsluttningen) i Mustila.<\/p>\n<p>Den manchuriska valn\u00f6ten \u00e4r hemma fr\u00e5n trakter med kallt inlandsklimat och \u00e4r den vinterh\u00e4rdigaste arten i sl\u00e4ktet. Tr\u00e4det har odlats under ett \u00e5rhundrade i Finland, men \u00e4r r\u00e4tt s\u00e4llsynt. P\u00e5 Mustila v\u00e4xer redan stora tr\u00e4d odlade fr\u00e5n fr\u00f6n som den ryska fr\u00f6handlaren Ptit\u0161in levererade p\u00e5 1930-talet fr\u00e5n Manchuriet, samtidigt med andra valn\u00f6tsfr\u00f6er.<\/p>\n<p>Manchurisk valn\u00f6tens frukt \u00e4r en r\u00e4tt stor n\u00f6t som mognar i oktober. N\u00f6tterna kan \u00e4tas p\u00e5 samma s\u00e4tt som valn\u00f6tter <em>J<\/em>. <em>regia<\/em>, men de \u00e4r tjockskaliga och sv\u00e5ra att klyva. Ekorrarna \u00e4r mycket intresserade av n\u00f6tterna och om h\u00f6starna h\u00f6rs det k\u00e4nnspaka ljudet av mejselt\u00e4ndernas knaster.<\/p>\n<aside id=\"keywords\">\n<h2>Keywords<\/h2>\n<ul>\n<li class=\"ryhmittely\">Lehtipuut ja -pensaat<\/li>\n<li class=\"plants\"><a href=\"\" hreflang=\"und\">Juglans<\/a><\/li>\n<li class=\"plants\"><a href=\"\" hreflang=\"und\">Juglans mandshurica<\/a><\/li>\n<li class=\"location\"><a href=\"https:\/\/mustila.fi\/alueet\/etelarinne\" hreflang=\"fi\">Etel\u00e4rinne<\/a><\/li>\n<li class=\"location\"><a href=\"https:\/\/mustila.fi\/alueet\/havuterassi\" hreflang=\"fi\">Havuterassi<\/a><\/li>\n<li class=\"location\"><a href=\"https:\/\/mustila.fi\/alueet\/juhlapaikka\" hreflang=\"fi\">Juhlapaikka<\/a><\/li>\n<\/ul>\n<\/aside>\n<\/article>\n","protected":false},"featured_media":7965,"template":"","alueet":[1016,1027],"kasvilajit":[1567,1096],"class_list":["post-16016","kasvit","type-kasvit","status-publish","has-post-thumbnail","hentry","alueet-havuterassi-sv","alueet-juhlapaikka-sv","kasvilajit-juglans","kasvilajit-lovtrad_och_buskar"],"_links":{"self":[{"href":"https:\/\/mustila.fi\/sv\/wp-json\/wp\/v2\/kasvit\/16016","targetHints":{"allow":["GET"]}}],"collection":[{"href":"https:\/\/mustila.fi\/sv\/wp-json\/wp\/v2\/kasvit"}],"about":[{"href":"https:\/\/mustila.fi\/sv\/wp-json\/wp\/v2\/types\/kasvit"}],"wp:featuredmedia":[{"embeddable":true,"href":"https:\/\/mustila.fi\/sv\/wp-json\/wp\/v2\/media\/7965"}],"wp:attachment":[{"href":"https:\/\/mustila.fi\/sv\/wp-json\/wp\/v2\/media?parent=16016"}],"wp:term":[{"taxonomy":"alueet","embeddable":true,"href":"https:\/\/mustila.fi\/sv\/wp-json\/wp\/v2\/alueet?post=16016"},{"taxonomy":"kasvilajit","embeddable":true,"href":"https:\/\/mustila.fi\/sv\/wp-json\/wp\/v2\/kasvilajit?post=16016"}],"curies":[{"name":"wp","href":"https:\/\/api.w.org\/{rel}","templated":true}]}}

<article role="article" class="node node-type-plant node-view-mode-full"><img decoding="async" src="https://mustila.fi/wp-content/uploads/2023/08/juglans_mandshurica_2.jpg" alt="Juglans mandshurica ©jr"></p>
<p>Manchurisk valnöt trivs bäst i lundar med näringsrik jord. Trädet är stort, bredvuxet och ofta mångstammigt. De matta blågröna bladen är sammansatta och kan på rotskotten vara över en meter långa, och stannar därför i minnet på den som besöker Etelärinne (Sydsluttningen) i Mustila.</p>
<p>Den manchuriska valnöten är hemma från trakter med kallt inlandsklimat och är den vinterhärdigaste arten i släktet. Trädet har odlats under ett århundrade i Finland, men är rätt sällsynt. På Mustila växer redan stora träd odlade från frön som den ryska fröhandlaren Ptitšin levererade på 1930-talet från Manchuriet, samtidigt med andra valnötsfröer.</p>
<p>Manchurisk valnötens frukt är en rätt stor nöt som mognar i oktober. Nötterna kan ätas på samma sätt som valnötter <em>J</em>. <em>regia</em>, men de är tjockskaliga och svåra att klyva. Ekorrarna är mycket intresserade av nötterna och om höstarna hörs det kännspaka ljudet av mejseltändernas knaster.</p>
<aside id="keywords">
<h2>Keywords</h2>
<ul>
<li class="ryhmittely">Lehtipuut ja -pensaat</li>
<li class="plants"><a href="" hreflang="und">Juglans</a></li>
<li class="plants"><a href="" hreflang="und">Juglans mandshurica</a></li>
<li class="location"><a href="https://mustila.fi/alueet/etelarinne" hreflang="fi">Etelärinne</a></li>
<li class="location"><a href="https://mustila.fi/alueet/havuterassi" hreflang="fi">Havuterassi</a></li>
<li class="location"><a href="https://mustila.fi/alueet/juhlapaikka" hreflang="fi">Juhlapaikka</a></li>
</ul>
</aside>
</article>
