{"id":16076,"date":"2023-08-10T06:41:05","date_gmt":"2023-08-10T06:41:05","guid":{"rendered":"https:\/\/mustila.fi\/kasvit\/amelanchier_spicata_haggmispel\/"},"modified":"2023-09-21T13:46:01","modified_gmt":"2023-09-21T13:46:01","slug":"amelanchierspicata","status":"publish","type":"kasvit","link":"https:\/\/mustila.fi\/sv\/plantor\/amelanchierspicata\/","title":{"rendered":"Amelanchier spicata &#8211; h&#xE4;ggmispel"},"content":{"rendered":"<article role=\"article\" class=\"node node-type-plant node-view-mode-full\"><img decoding=\"async\" src=\"https:\/\/mustila.fi\/wp-content\/uploads\/2023\/08\/amelanchier_spicatum_jreinikainen.jpg\" alt=\"amelanchier_spicatum_jreinikainen.jpg\"><\/p>\n<p>H\u00e4ggmispeln \u00e4r inte k\u00e4nd i naturligt tillst\u00e5nd utan endast som odlad eller f\u00f6rvildad fr\u00e5n norra Europa. Den har ansetts vara en form eller hybrid av den nordamerikanska arten <em>Amelanchier stolonifera <\/em>och den har tidigare kallats <em>Amelanchier botryapium<\/em>. Till sitt v\u00e4xts\u00e4tt \u00e4r h\u00e4ggmispeln speciell med sina uppr\u00e4ttst\u00e5ende stammar i t\u00e4ta grupper. Jordrevorna \u00e4r korta och sprider sig i ringa utstr\u00e4ckning. D\u00e4remot mumsar f\u00e5glar ivrigt i sig av b\u00e4ren och sprider p\u00e5 s\u00e5 s\u00e4tt h\u00e4ggmispeln vida omkring i skogsbranter och skogsbryn till f\u00f6rf\u00e5ng f\u00f6r milj\u00f6myndigheterna.<\/p>\n<p>Bladen har storleken av t\u00e4ndsticksaskar, de \u00e4r sm\u00e5tandade, kortspetsade och h\u00e5riga vid utsprickningen. De vita blommorna \u00e4r uppr\u00e4tta i klasar och under blomningen ser busken ut som om den vore indr\u00e4nkt i gr\u00e4ddskum. B\u00e4ren mognar via r\u00f6da nyanser till bl\u00e5svarta. De \u00e4r \u00e4tbara fast inte lika smakliga som b\u00e4ren hos b\u00e4rh\u00e4ggmispeln eller kopparh\u00e4ggmispeln.<\/p>\n<p>H\u00e4ggmispeln \u00e4r den mest planterade mispelarten i Finland. D\u00e4remot \u00e4r den s\u00e4llsynt f\u00f6rekommande p\u00e5 Arboretum Mustila.<\/p>\n<aside id=\"keywords\">\n<h2>Keywords<\/h2>\n<ul>\n<li class=\"ryhmittely\">Lehtipuut ja -pensaat<\/li>\n<li class=\"plants\"><a href=\"\" hreflang=\"und\">Amelanchier<\/a><\/li>\n<li class=\"plants\"><a href=\"\" hreflang=\"und\">Amelanchier spicata<\/a><\/li>\n<li class=\"location\"><a href=\"https:\/\/mustila.fi\/alueet\/etelarinne\" hreflang=\"fi\">Etel\u00e4rinne<\/a><\/li>\n<\/ul>\n<\/aside>\n<\/article>\n","protected":false},"featured_media":8189,"template":"","alueet":[1060],"kasvilajit":[1166,1096],"class_list":["post-16076","kasvit","type-kasvit","status-publish","has-post-thumbnail","hentry","alueet-etelrinne-sv","kasvilajit-amelanchier","kasvilajit-lovtrad_och_buskar"],"_links":{"self":[{"href":"https:\/\/mustila.fi\/sv\/wp-json\/wp\/v2\/kasvit\/16076","targetHints":{"allow":["GET"]}}],"collection":[{"href":"https:\/\/mustila.fi\/sv\/wp-json\/wp\/v2\/kasvit"}],"about":[{"href":"https:\/\/mustila.fi\/sv\/wp-json\/wp\/v2\/types\/kasvit"}],"wp:featuredmedia":[{"embeddable":true,"href":"https:\/\/mustila.fi\/sv\/wp-json\/wp\/v2\/media\/8189"}],"wp:attachment":[{"href":"https:\/\/mustila.fi\/sv\/wp-json\/wp\/v2\/media?parent=16076"}],"wp:term":[{"taxonomy":"alueet","embeddable":true,"href":"https:\/\/mustila.fi\/sv\/wp-json\/wp\/v2\/alueet?post=16076"},{"taxonomy":"kasvilajit","embeddable":true,"href":"https:\/\/mustila.fi\/sv\/wp-json\/wp\/v2\/kasvilajit?post=16076"}],"curies":[{"name":"wp","href":"https:\/\/api.w.org\/{rel}","templated":true}]}}

<article role="article" class="node node-type-plant node-view-mode-full"><img decoding="async" src="https://mustila.fi/wp-content/uploads/2023/08/amelanchier_spicatum_jreinikainen.jpg" alt="amelanchier_spicatum_jreinikainen.jpg"></p>
<p>Häggmispeln är inte känd i naturligt tillstånd utan endast som odlad eller förvildad från norra Europa. Den har ansetts vara en form eller hybrid av den nordamerikanska arten <em>Amelanchier stolonifera </em>och den har tidigare kallats <em>Amelanchier botryapium</em>. Till sitt växtsätt är häggmispeln speciell med sina upprättstående stammar i täta grupper. Jordrevorna är korta och sprider sig i ringa utsträckning. Däremot mumsar fåglar ivrigt i sig av bären och sprider på så sätt häggmispeln vida omkring i skogsbranter och skogsbryn till förfång för miljömyndigheterna.</p>
<p>Bladen har storleken av tändsticksaskar, de är småtandade, kortspetsade och håriga vid utsprickningen. De vita blommorna är upprätta i klasar och under blomningen ser busken ut som om den vore indränkt i gräddskum. Bären mognar via röda nyanser till blåsvarta. De är ätbara fast inte lika smakliga som bären hos bärhäggmispeln eller kopparhäggmispeln.</p>
<p>Häggmispeln är den mest planterade mispelarten i Finland. Däremot är den sällsynt förekommande på Arboretum Mustila.</p>
<aside id="keywords">
<h2>Keywords</h2>
<ul>
<li class="ryhmittely">Lehtipuut ja -pensaat</li>
<li class="plants"><a href="" hreflang="und">Amelanchier</a></li>
<li class="plants"><a href="" hreflang="und">Amelanchier spicata</a></li>
<li class="location"><a href="https://mustila.fi/alueet/etelarinne" hreflang="fi">Etelärinne</a></li>
</ul>
</aside>
</article>
