{"id":16152,"date":"2023-08-10T06:41:23","date_gmt":"2023-08-10T06:41:23","guid":{"rendered":"https:\/\/mustila.fi\/kasvit\/sasa_sp_arten_bambu\/"},"modified":"2023-09-27T15:34:39","modified_gmt":"2023-09-27T15:34:39","slug":"sasa","status":"publish","type":"kasvit","link":"https:\/\/mustila.fi\/sv\/plantor\/sasa\/","title":{"rendered":"Sasa sp. &#8211; arten bambu"},"content":{"rendered":"<article role=\"article\" class=\"node node-type-plant node-view-mode-full\"><img decoding=\"async\" src=\"https:\/\/mustila.fi\/wp-content\/uploads\/2023\/08\/sasa_sp_yleiskuva_jsaarinen.jpg\" alt=\"sasa_sp_yleiskuva_jsaarinen.jpg\"><\/p>\n<p>Att exakt best\u00e4mma arten hos bambu n\u00e4r de g\u00e4ller den mattformiga bambun \u00e4r en om\u00f6jlighet f\u00f6r oss europeer. Den bambu som i \u00e5rtionden har vuxit och brett ut sig i Rhododendrondalen \u00e4r namnl\u00f6s men den \u00e4r sannolikt den \u00e4ldsta i Finland levande bambun.<\/p>\n<p>I synnerhet de maritima bergskedjornas fuktiga sluttningar \u00e4r s\u00e5pass gynnade av de h\u00e4r l\u00e5gv\u00e4xande, och kraftigt utbredande arterna av <em>Sasa <\/em>bambu att de hindrar tillv\u00e4xten av andra v\u00e4xter i de h\u00e4r trakterna. I Finland blir den st\u00e4dsegr\u00f6na bambuns saga all ifall den torkar i kyla utan skydd av sn\u00f6. Bladkanterna hos flere arter gulnar om h\u00f6sten.<\/p>\n<aside id=\"keywords\">\n<h2>Keywords<\/h2>\n<ul>\n<li class=\"ryhmittely\">Perennat<\/li>\n<li class=\"plants\"><a href=\"\" hreflang=\"und\">Sasa<\/a><\/li>\n<li class=\"location\"><a href=\"https:\/\/mustila.fi\/alueet\/alppiruusulaakso\" hreflang=\"fi\">Alppiruusulaakso<\/a><\/li>\n<\/ul>\n<\/aside>\n<\/article>\n","protected":false},"featured_media":8473,"template":"","alueet":[1007],"kasvilajit":[1941,990,1943,1936],"class_list":["post-16152","kasvit","type-kasvit","status-publish","has-post-thumbnail","hentry","alueet-alppiruusulaakso-sv","kasvilajit-ortartade_vaxter","kasvilajit-ruohovartiset","kasvilajit-sasa-2","kasvilajit-sasa"],"_links":{"self":[{"href":"https:\/\/mustila.fi\/sv\/wp-json\/wp\/v2\/kasvit\/16152","targetHints":{"allow":["GET"]}}],"collection":[{"href":"https:\/\/mustila.fi\/sv\/wp-json\/wp\/v2\/kasvit"}],"about":[{"href":"https:\/\/mustila.fi\/sv\/wp-json\/wp\/v2\/types\/kasvit"}],"wp:featuredmedia":[{"embeddable":true,"href":"https:\/\/mustila.fi\/sv\/wp-json\/wp\/v2\/media\/8473"}],"wp:attachment":[{"href":"https:\/\/mustila.fi\/sv\/wp-json\/wp\/v2\/media?parent=16152"}],"wp:term":[{"taxonomy":"alueet","embeddable":true,"href":"https:\/\/mustila.fi\/sv\/wp-json\/wp\/v2\/alueet?post=16152"},{"taxonomy":"kasvilajit","embeddable":true,"href":"https:\/\/mustila.fi\/sv\/wp-json\/wp\/v2\/kasvilajit?post=16152"}],"curies":[{"name":"wp","href":"https:\/\/api.w.org\/{rel}","templated":true}]}}

<article role="article" class="node node-type-plant node-view-mode-full"><img decoding="async" src="https://mustila.fi/wp-content/uploads/2023/08/sasa_sp_yleiskuva_jsaarinen.jpg" alt="sasa_sp_yleiskuva_jsaarinen.jpg"></p>
<p>Att exakt bestämma arten hos bambu när de gäller den mattformiga bambun är en omöjlighet för oss europeer. Den bambu som i årtionden har vuxit och brett ut sig i Rhododendrondalen är namnlös men den är sannolikt den äldsta i Finland levande bambun.</p>
<p>I synnerhet de maritima bergskedjornas fuktiga sluttningar är såpass gynnade av de här lågväxande, och kraftigt utbredande arterna av <em>Sasa </em>bambu att de hindrar tillväxten av andra växter i de här trakterna. I Finland blir den städsegröna bambuns saga all ifall den torkar i kyla utan skydd av snö. Bladkanterna hos flere arter gulnar om hösten.</p>
<aside id="keywords">
<h2>Keywords</h2>
<ul>
<li class="ryhmittely">Perennat</li>
<li class="plants"><a href="" hreflang="und">Sasa</a></li>
<li class="location"><a href="https://mustila.fi/alueet/alppiruusulaakso" hreflang="fi">Alppiruusulaakso</a></li>
</ul>
</aside>
</article>
