{"id":16172,"date":"2023-08-10T06:41:23","date_gmt":"2023-08-10T06:41:23","guid":{"rendered":"https:\/\/mustila.fi\/kasvit\/perenner\/"},"modified":"2023-09-20T20:41:46","modified_gmt":"2023-09-20T20:41:46","slug":"perenner","status":"publish","type":"kasvit","link":"https:\/\/mustila.fi\/sv\/plantor\/perenner\/","title":{"rendered":"Perenner"},"content":{"rendered":"<article role=\"article\" class=\"node node-type-branch node-view-mode-full\">Hundratals perenner v\u00e4xer i Arboretum Mustila. Perennerna \u00e4r \u00f6rtartade, m\u00e5ng\u00e5riga v\u00e4xter som \u00f6vervintrar under eller intill markytan. V\u00e4xtdelarna ovanf\u00f6r markytan f\u00f6rtvinar till vintern men v\u00e4xer upp igen f\u00f6ljande v\u00e4xtperiod.<\/p>\n<\/article>\n","protected":false},"featured_media":8790,"template":"","alueet":[],"kasvilajit":[],"class_list":["post-16172","kasvit","type-kasvit","status-publish","has-post-thumbnail","hentry"],"_links":{"self":[{"href":"https:\/\/mustila.fi\/sv\/wp-json\/wp\/v2\/kasvit\/16172","targetHints":{"allow":["GET"]}}],"collection":[{"href":"https:\/\/mustila.fi\/sv\/wp-json\/wp\/v2\/kasvit"}],"about":[{"href":"https:\/\/mustila.fi\/sv\/wp-json\/wp\/v2\/types\/kasvit"}],"wp:featuredmedia":[{"embeddable":true,"href":"https:\/\/mustila.fi\/sv\/wp-json\/wp\/v2\/media\/8790"}],"wp:attachment":[{"href":"https:\/\/mustila.fi\/sv\/wp-json\/wp\/v2\/media?parent=16172"}],"wp:term":[{"taxonomy":"alueet","embeddable":true,"href":"https:\/\/mustila.fi\/sv\/wp-json\/wp\/v2\/alueet?post=16172"},{"taxonomy":"kasvilajit","embeddable":true,"href":"https:\/\/mustila.fi\/sv\/wp-json\/wp\/v2\/kasvilajit?post=16172"}],"curies":[{"name":"wp","href":"https:\/\/api.w.org\/{rel}","templated":true}]}}

<article role="article" class="node node-type-branch node-view-mode-full">Hundratals perenner växer i Arboretum Mustila. Perennerna är örtartade, mångåriga växter som övervintrar under eller intill markytan. Växtdelarna ovanför markytan förtvinar till vintern men växer upp igen följande växtperiod.</p>
</article>
